le of 178?
False
Is 82551230 a multiple of 1286?
False
Is 3567 a factor of 175126012?
False
Is 5355 a factor of 123641595?
True
Is 3420 a factor of 605111256?
False
Does 127 divide 146134334?
False
Does 34 divide 87395164?
True
Is 231053324 a multiple of 895?
False
Does 303 divide 216705602?
False
Is 24162016 a multiple of 8?
True
Is 19096946 a multiple of 23?
True
Is 48735312 a multiple of 232?
True
Is 30382254 a multiple of 19?
True
Is 13 a factor of 273447590?
True
Is 3035 a factor of 186904405?
True
Is 229 a factor of 2384161?
False
Does 16 divide 11596653?
False
Does 521 divide 67743546?
True
Does 84 divide 56513492?
False
Does 875 divide 11029423?
False
Is 2906977504 a multiple of 344?
True
Is 1736 a factor of 2763967192?
True
Does 246 divide 69106794?
False
Does 99 divide 168823825?
False
Is 6 a factor of 542365850?
False
Is 33813371 a multiple of 131?
False
Is 1865482800 a multiple of 75?
True
Is 118790719 a multiple of 423?
False
Does 107 divide 8599886?
False
Is 2635839360 a multiple of 64?
True
Does 79 divide 28829470?
True
Does 16 divide 1236390560?
True
Is 625 a factor of 40104542?
False
Is 259255792 a multiple of 454?
True
Is 1447 a factor of 115425190?
False
Is 33 a factor of 3603765?
True
Is 57 a factor of 10573866?
False
Is 205 a factor of 303734150?
True
Does 26 divide 13808392?
True
Does 34 divide 324546610?
False
Is 109649505 a multiple of 105?
True
Is 135 a factor of 219149550?
True
Is 155305402 a multiple of 101?
False
Is 176578360 a multiple of 313?
False
Is 2 a factor of 50767656?
True
Is 44 a factor of 75252408?
True
Is 23719688 a multiple of 181?
True
Does 17 divide 543076084?
True
Is 204034324 a multiple of 58?
False
Does 530 divide 407880050?
True
Is 118 a factor of 437790384?
True
Is 102787742 a multiple of 21?
False
Is 1076101642 a multiple of 847?
True
Is 67973274 a multiple of 394?
True
Is 217569712 a multiple of 68?
False
Is 61499705 a multiple of 7355?
False
Is 2966 a factor of 956011524?
False
Is 140567769 a multiple of 245?
False
Does 26 divide 15497086?
False
Is 53 a factor of 29081577?
True
Is 156001856 a multiple of 608?
True
Is 2308413 a multiple of 31?
False
Does 60 divide 58049280?
True
Is 8 a factor of 141122440?
True
Is 10 a factor of 160547290?
True
Is 562506502 a multiple of 21?
False
Does 1100 divide 91099800?
True
Does 1338 divide 1380820415?
False
Does 192 divide 33572736?
True
Does 134 divide 3038280181?
False
Does 97 divide 10205370?
True
Does 43 divide 1614968888?
True
Is 150 a factor of 14971650?
True
Is 44 a factor of 1196581056?
True
Is 3502692 a multiple of 2?
True
Is 303 a factor of 72431879?
False
Is 210383277 a multiple of 1864?
False
Does 466 divide 1816302847?
False
Does 11 divide 6682181?
True
Does 6616 divide 3017959131?
False
Does 7719 divide 3615432939?
True
Is 17454749 a multiple of 6?
False
Does 54 divide 5237190?
True
Is 87 a factor of 1930732797?
True
Is 989404035 a multiple of 15?
True
Does 135 divide 211137165?
True
Does 16520 divide 4198425840?
True
Is 1370 a factor of 33654050?
True
Is 1822 a factor of 84905200?
True
Is 238 a factor of 951489490?
True
Is 4163 a factor of 72257191?
True
Does 14 divide 55873395?
False
Does 15 divide 123207391?
False
Does 2604 divide 28615356?
True
Does 80 divide 37840211?
False
Is 13 a factor of 121440765?
False
Is 4044759760 a multiple of 2115?
False
Is 708434675 a multiple of 423?
False
Is 61 a factor of 19640841?
True
Is 4029 a factor of 1072500773?
False
Does 7 divide 24360091?
True
Is 204 a factor of 20633763?
False
Does 208 divide 1861329469?
False
Is 35735535 a multiple of 109?
False
Is 3668542515 a multiple of 209?
True
Is 2351 a factor of 681357416?
True
Does 324 divide 4621119202?
False
Is 946 a factor of 130392856?
True
Is 315344586 a multiple of 31?
True
Is 2129418 a multiple of 7?
False
Does 733 divide 31211873?
True
Does 591 divide 1150685865?
True
Is 3639 a factor of 332244689?
False
Is 28117694 a multiple of 45?
False
Is 984 a factor of 1151465976?
True
Is 298509283 a multiple of 13?
False
Does 261 divide 21819861?
True
Is 728 a factor of 39131242?
False
Is 489 a factor of 40755809?
False
Is 14 a factor of 462882651?
False
Is 784 a factor of 919395232?
True
Is 518697196 a multiple of 529?
True
Is 82 a factor of 2385960747?
False
Does 1217 divide 93155265?
True
Is 1648 a factor of 753468896?
True
Does 252 divide 16598988?
True
Does 1415 divide 495077370?
True
Is 806 a factor of 4297700810?
True
Is 366136050 a multiple of 18?
False
Is 2316333844 a multiple of 13?
False
Is 42822994 a multiple of 283?
True
Is 1025 a factor of 9354336?
False
Does 87 divide 1496313?
True
Is 40809370 a multiple of 296?
False
Is 82 a factor of 22093342?
True
Is 20 a factor of 60236104?
False
Does 289 divide 13290543?
False
Is 471 a factor of 685646410?
False
Is 562369248 a multiple of 112?
True
Is 703492816 a multiple of 47?
False
Does 259 divide 18759629?
True
Does 9239 divide 1408199141?
True
Does 5 divide 693392425?
True
Is 950805648 a multiple of 306?
True
Is 123933939 a multiple of 4?
False
Does 10 divide 749575238?
False
Does 1162 divide 115935064?
True
Does 14 divide 137137005?
False
Is 853 a factor of 272408962?
True
Is 71 a factor of 185201375?
False
Is 19 a factor of 350181476?
True
Does 2069 divide 230238320?
True
Does 657 divide 2193723?
True
Is 45 a factor of 550575180?
True
Does 22 divide 422644728?
True
Is 4242474 a multiple of 6?
True
Is 30 a factor of 1249527351?
False
Does 840 divide 470954556?
False
Is 3201 a factor of 59477781?
True
Is 602011028 a multiple of 1124?
True
Does 4214 divide 3672738262?
False
Is 736 a factor of 484818656?
True
Is 168 a factor of 14972496?
True
Is 5 a factor of 126034540?
True
Does 52 divide 205742911?
False
Is 858 a factor of 417652493?
False
Is 511 a factor of 894562221?
True
Is 191096498 a multiple of 12?
False
Is 144821110 a multiple of 322?
True
Is 583 a factor of 46448776?
True
Does 1132 divide 159539552?
True
Is 6966452 a multiple of 118?
False
Is 236639280 a multiple of 10?
True
Is 40 a factor of 49135360?
True
Is 99 a factor of 26765459?
False
Is 110 a factor of 648120?
True
Does 1464 divide 44704704?
True
Does 3678 divide 455575470?
True
Is 299940756 a multiple of 3462?
True
Is 10572996 a multiple of 42?
True
Is 52268982 a multiple of 141?
True
Is 57 a factor of 3225027681?
True
Does 16936 divide 8223579648?
True
Is 156592756 a multiple of 1634?
True
Does 1991 divide 161524007?
False
Does 10 divide 815149107?
False
Does 1246 divide 5309163?
False
Is 43 a factor of 150503333?
False
Is 34104681 a multiple of 31?
True
Does 31 divide 35659219?
False
Is 2605568999 a multiple of 11?
True
Is 150 a factor of 31194150?
True
Is 28 a factor of 46516515?
False
Is 6883602637 a multiple of 1957?
False
Is 42 a factor of 31292730?
True
Does 843 divide 2346224?
False
Is 5 a factor of 144602348?
False
Does 85 divide 26646565?
True
Is 99435892 a multiple of 109?
False
Does 1173 divide 32750160?
True
Does 54 divide 1202077422?
True
Is 160750584 a multiple of 218?
True
Is 4227109020 a multiple of 1305?
True
Is 4978575288 a multiple of 72?
True
Is 11 a factor of 608189747?
True
Is 2573 a factor of 702104991?
False
Does 58 divide 16752423?
False
Is 126832347 a multiple of 1714?
False
Does 251 divide 148023234?
True
Is 132 a factor of 1226753669?
False
Does 2296 divide 254722832?
True
Is 246228714 a multiple of 1486?
True
Is 444029016 a multiple of 8?
True
Is 1784 a factor of 398977395?
False
Does 14 divide 1366590374?
False
Is 13 a factor of 293692581?
True
Is 365484421 a multiple of 271?
True
Is 718 a factor of 12995082?
True
Is 3 a factor of 55081376?
False
Is 47 a factor of 1076221102?
False
Is 529815338 a multiple of 688?
False
Is 1163018482 a multiple of 626?
True
Does 30 divide 49665810?
True
Is 207236001 a multiple of 17?
True
Is 72 a factor of 25548850?
False
Is 512246280 a multiple of 2562?
True
Does 129 divide 1742162544?
True
Is 21765923 a multiple of 67?
False
Does 3 divide 82057473?
True
Does 22 divide 80234432?
False
Does 107 divide 38057770?
False
Does 188 divide 163625988?
True
Does 1974 divide 74976233?
False
Does 1812 divide 165221752?
False
Is 3108 a factor of 21472751?
False
Is 20360328 a multiple of 20?
False
Does 105 divide 215209575?
True
Does 74 divide 41271574?
False
Is 13701429 a mult